 be x(-1). Let i(f) = o*b(f) + r(f). Determine i(-5).
-12
Let g be (198/135 + (-28)/35)*12/160. Let y(h) be the second derivative of h**3 + 1/2*h**2 + g*h**5 - 7/12*h**4 + 17*h + 0. What is y(6)?
1
Let r(j) be the first derivative of 5*j**3/3 + j**2/2 - 113. Suppose 3*h - 5 = -2*o, 0 = -2*h - 2*o + 6 - 0. What is r(h)?
4
Let j(y) = -y**3 - 6*y**2 - 13*y - 19. Let c(s) = -s**3 - 17*s**2 - 46*s - 244. Let g be c(-15). What is j(g)?
1
Let f(w) be the second derivative of 5*w - 5/2*w**2 + 0 - 1/6*w**3. Suppose -10 = 3*y + z, -5*z + 44 = -5*y - 6. Determine f(y).
0
Let x(v) = v**3 + 44*v**2 - 46*v - 16. Let o be x(-45). Suppose 7*l = o*l + 88. Let c(n) = n**3 + 4*n**2 + 4. Calculate c(l).
4
Let x(i) = i**2 + 11*i + 10. Let s = 179 - 112. Let r = -19 + s. Let o = r - 57. Determine x(o).
-8
Let h(a) be the second derivative of -3*a**3/2 + 219*a**2/2 - 3*a + 823. Calculate h(26).
-15
Let m(g) = -2*g - 7. Let r be m(-6). Let b = -526 - -527. Let a(y) = -y - 1. Let s(l) = 6*l - 3. Let p(c) = b*s(c) + r*a(c). Give p(7).
-1
Let x(v) = -1087 - 11*v + 515 + 572. Calculate x(2).
-22
Let b(d) = -2*d**2 + 1. Let t(g) = -g**3 - 20*g**2 + 5*g - 67. Let f(c) = 5*b(c) - t(c). Give f(-11).
6
Let q(a) = 14*a + 6. Let g(i) = -i**2 - 28*i - 164. Let o be g(-8). Calculate q(o).
-50
Let z(v) = -v**3 + 3*v**2 - v + 2. Let p be z(3). Let i be (1 + p)/(-5*4/(-20)). Let w(d) be the second derivative of -d**4/12 - d**2 + 2*d. Calculate w(i).
-2
Let m(f) be the third derivative of -f**6/60 - f**5/10 + 5*f**3/6 - 181*f**2 + 4*f. Determine m(-4).
37
Let a(b) = -b - 7. Let w be (5 + -13)*1/(-2) + -4. Suppose -4*u - 12 = d, u + w + 3 = 0. Suppose -5*y - 10 = 0, -2*y = 5*c + 4 - d. Calculate a(c).
-7
Let k be (4 + -2)*9/6. Let o(q) = 4 + 5*q**2 + 7 - 6 - 3 - k. Let x be (-9)/6*(-2)/3. Give o(x).
4
Let y(c) = -c**3 + 9*c**2 - 9*c + 13. Let t be y(8). Suppose t*a + 2*s - 43 = -0*s, 2*s = -4*a + 36. Let i(z) = z**3 - 7*z**2 + 2*z - 6. Calculate i(a).
8
Let a be (1458/36)/27 + ((-15)/2)/5. Let f(u) be the third derivative of -1/24*u**4 - 1/120*u**6 + 0 + a*u**5 - 1/2*u**3 + 0*u - 12*u**2. What is f(0)?
-3
Let u(y) be the second derivative of -y**3/6 + 3*y**2/2 - 1638*y. Suppose j = a - 7, 0 = -j + 6*j + 5*a + 35. Calculate u(j).
10
Let i(n) be the third derivative of n**5/60 - n**4/8 - 5*n**3/6 - 5*n**2 - 82*n. Give i(-1).
-1
Let v(y) = -y**2 - 16*y - 47. Let l = 14962 + -14974. What is v(l)?
1
Let n(c) = 8*c**2 + 4*c + 8. Let w(l) = l**2 + 1. Let p be (-7329)/(-84) - (-2)/(-8). Let o = -81 + p. Let a(b) = o*w(b) - n(b). What is a(-2)?
-2
Let j(c) be the third derivative of 0*c - 1/12*c**5 + 1/120*c**6 - 1/3*c**4 + 4*c**2 + 0 + 7/6*c**3. Calculate j(5).
-33
Let m(i) = -i**2 + 8*i - 8. Suppose -7*r = -4*r - 6. Suppose -3*u = -3*k - 48, 3*u + 2*u - 95 = r*k. Let p be (-2)/6*(0 - u). Give m(p).
-1
Let y(b) = b + 5. Let p = 33 - 46. Let t = 18 + p. Suppose -l = -4*o - 1, -3*l - 5*o = 9 + t. Determine y(l).
2
Let f = -2854 - -2845. Let z(x) = 4*x**2 + 7*x. Let t(w) = 9*w**2 + 13*w + 1. Let r(h) = -3*t(h) + 7*z(h). Calculate r(f).
-12
Suppose 5*h = -4*s + 53, -1351 = s + h - 1362. Suppose 0 = -2*w + f + 11, -3*w - 4*f + 33 = -0*w. Let i(n) = -2 + w - 3 - 3*n. Determine i(s).
-4
Let b(k) = 2*k**2 - 227*k - 10389. Let u be b(-35). Let m(h) = -3*h**2 + 3. Let g(c) = -7*c**2 + 6. Let p(n) = 2*g(n) - 5*m(n). Determine p(u).
33
Let n(k) be the second derivative of -k**5/20 - k**4/12 + 8*k**3/3 - 13*k**2 - 2*k - 497. Give n(-5).
-6
Let v(k) = -15*k**2 + 16*k + 11*k - 17*k - 15*k + 7. Give v(3).
-143
Let q(s) be the third derivative of -s**7/840 + 7*s**6/180 - s**5/40 + 5*s**4/8 + 55*s**3/3 - 235*s**2. Let c(j) be the first derivative of q(j). Give c(14).
-27
Let t(s) = -2*s - 7. Let l(a) = 2*a + 2. Let r(u) = 25*u + 28. Let w(o) = 4*l(o) - r(o). Let m be w(-1). Calculate t(m).
-1
Let v(l) = l**2 - 25*l + 53. Let f be v(23). Let g(w) = -w + 12. Determine g(f).
5
Let y(z) = -z**3 + 25*z**2 - 95*z - 74. Let w be y(20). Let u(o) = 2*o**2 - 50*o - 55. Determine u(w).
-3
Let g(m) = m - 30. Let p be (2277/115 + -19)*(-15)/(-2). What is g(p)?
-24
Let p(s) = s - 1. Let u(k) = k**3 + 5*k**2 - 7*k + 6. Let f be u(6). Suppose 6*c + 0*c - f = 0. Let n = -63 + c. Determine p(n).
-4
Let z = -22 - -10. Let m = z + 10. Let l(t) = -63*t**2 - 3*t + 65*t**2 - t + 3 + 6*t. Calculate l(m).
7
Let u(m) be the first derivative of -m**3/3 - 15*m**2/2 - 9*m + 1. Suppose 21*n - 179 + 114 = -359. Calculate u(n).
5
Let j(b) be the first derivative of b**3/3 - 4*b**2 - 3*b - 5. Suppose x - 28 = 4*k, 0*k + 44 = 2*x - 4*k. Suppose -11 = f - x. What is j(f)?
-18
Let s(t) = -5*t - 3*t**2 - t**3 + 2*t**2 + 3*t + 1 + 3*t. Suppose 6*d = 21*d + 30. Calculate s(d).
3
Let z(a) = -6*a + a - 2 + 0*a. Let m(s) be the third derivative of -s**5/60 + 7*s**4/24 - 5*s**3/2 + 33*s**2. Let u be m(3). Give z(u).
13
Let d = -17 - -13. Let b(r) be the first derivative of -r**5/120 + 16*r**3 + 2. Let p(i) be the third derivative of b(i). Determine p(d).
4
Let s(d) = -4 - 8 + d + 4 - 10. Let t be s(14). Let y(v) = -4*v - 2*v + 5*v - 4. Determine y(t).
0
Let x(k) = k**2 + 9*k - 217. Let f be x(11). Let s(i) be the third derivative of -i**5/60 + i**4/8 + i**3/6 - 2*i**2. Determine s(f).
1
Let p(u) = u**3 + 3*u**2 - 2*u. Suppose 0 = -5*q - 5*y - 10, -q - 420*y = -421*y - 8. Give p(q).
48
Suppose -61*n - 450 = -694. Let o(h) = h**2 + 2*h - 12. Determine o(n).
12
Let v(i) = i**3 - 11*i**2 + 9*i + 7. Let o be 2/8 + (-959)/28. Let k = -24 - o. Let u be v(k). Let l(q) = -q + 1. What is l(u)?
4
Let b(h) = -2*h**2 + 2 + 0*h**2 + h**2 - 5*h. Suppose 0 = 4*a - 5*o + 44, 52*a + 9*o - 30 = 51*a. Calculate b(a).
-4
Let t be -2*(-6)/(5 - 2). Suppose 3*x - 22 = t*v, -v - v + 4*x - 6 = 0. Let j(g) be the first derivative of -g**3/3 - 9*g**2/2 - 10*g + 5. Calculate j(v).
4
Let g(m) be the second derivative of -29*m**6/360 - m**5/120 - 23*m**3 - 51*m. Let y(q) be the second derivative of g(q). What is y(-1)?
-28
Let j(b) be the first derivative of -120 + 1/3*b**3 + 5*b - 5*b**2. Determine j(5).
-20
Let s(o) = o**2 + o - 207. Let u be s(-15). Let y(t) = 11 + u*t + 21 - 15 + 13. Calculate y(-12).
-6
Suppose 25 = 7*p - 2*p. Let q be (6/15)/((-1)/p). Let d(g) be the second derivative of g**4/6 + g**3/3 + 3*g**2/2 + 138*g. Give d(q).
7
Let v(b) = -b + 9. Let u(j) = -j. Let a(p) = -3*u(p) + v(p). Let o(f) = -f**3 - 11*f**2 - 5*f + 27. Let n be o(-12). Let s = -238 + n. Give a(s).
-5
Let p(n) = -n**3 - 16*n**2 + 19*n + 75. Suppose 22*v - 51 = -21*v + 46*v. Give p(v).
41
Let d(y) be the first derivative of y**5/20 - 7*y**4/12 - 13*y**3/6 + 6*y**2 - 100*y + 115. Let g(f) be the first derivative of d(f). Calculate g(8).
-28
Let d(y) = 4*y**3 - 2*y**2 + y - 3. Let z(i) = -5*i**3 + 3*i**2 - 3*i + 3. Let w(a) = 3*d(a) + 2*z(a). Let j = -16 - -14. Give w(j).
-13
Let x be 11/(-2 - (-2 + 1)). Let z(j) = -5*j + j + 5 + 3*j - 11 + 2. What is z(x)?
7
Let l be (-4)/1 - (-2 + -2) - -10. Let j(t) = t**2 - 15*t + 35. Determine j(l).
-15
Suppose 2*a - 415 = -5*p, -a - 5*p = -4*a + 685. Suppose -2*x - 5*d = 76, -a = 6*x - x + 5*d. Let c = -50 - x. Let k(h) = -h**3 - 3*h**2 - 2*h + 2. Give k(c).
2
Let n = 531 + -421. Let t be n*4/32 + 18/(-24). Let w(l) = l**2 - 13*l + 11. Calculate w(t).
11
Let v(z) = 2*z + 232424*z**2 - 3*z**3 - 5 - 232433*z**2 - 2. Give v(-3).
-13
Let h(k) = -2*k**3 + 4*k**2 + 6*k - 9. Let g(i) = 151*i**2 + 1055*i - 10. Let l be g(-7). Calculate h(l).
-49
Suppose 0 = -13*o + 1443 + 650. Let x(f) = 0 - o*f + 158*f + 0. Let m(y) = y**3 + y - 1. Let w be m(0). Calculate x(w).
3
Let c(k) = k**3 + 3*k**2 + k. Suppose 52 = -7*p - 53. Let j be 3 + p/6 + 14/(-4). Calculate c(j).
-3
Let l(z) = 9*z + 4. Let k(p) = 3*p + 4 - 2*p + 0*p - p + 9*p. Let f(b) = -5*k(b) + 4*l(b). Calculate f(-3).
23
Let b(q) = -q**2 + 19 - 7*q - 2*q**2 + 3 + 32 + 2*q**2. Calculate b(5).
-6
Let r(x) be the third derivative of -x**4/12 + 6*x**3 - x**2 - 115*x. What is r(15)?
6
Let h(t) = -200 + 1617*t - 4857*t + 1619*t + 1613*t. What is h(-25)?
0
Let s = -7361 - -7360. Let q(d) = -d**3 - 2*d**2 + 2*d + 3. Determine q(s).
0
Suppose -6 = 135*n - 137*n. Let v(j) = -j**3 - j**2 + 2*j + 3. What is v(n)?
-27
Let z(q) = -q**2 + 16. Let s be z(8). Let l = s + 50. Suppose -l*h - 15 = -u, 12 = -h + 4*u - 2*u. Let y(o)